ime factors of 50689213?
50689213
What are the prime factors of 65939379?
3, 11, 17, 117539
What are the prime factors of 468339541?
131, 457, 7823
List the prime factors of 295211158.
2, 11, 97, 138337
List the prime factors of 265902916.
2, 17, 3910337
List the prime factors of 67899351.
3, 13, 103, 16903
List the prime factors of 964954952.
2, 13, 17, 545789
List the prime factors of 805107818.
2, 373, 1079233
What are the prime factors of 23237454?
2, 3, 617, 6277
List the prime factors of 836239631.
211, 3963221
What are the prime factors of 283581979?
283581979
List the prime factors of 708073778.
2, 354036889
List the prime factors of 62936942.
2, 31468471
What are the prime factors of 4528135446?
2, 3, 139, 1667, 3257
What are the prime factors of 205090443?
3, 53, 89, 4831
List the prime factors of 53147321.
17, 3126313
What are the prime factors of 39517397?
19, 2079863
List the prime factors of 879648583.
11, 660893
What are the prime factors of 3164502?
2, 3, 11, 47947
What are the prime factors of 433782099?
3, 461, 104551
What are the prime factors of 354056829?
3, 7, 16859849
List the prime factors of 160412133.
3, 7, 1091239
What are the prime factors of 312153906?
2, 3, 5527, 9413
What are the prime factors of 4943951?
269, 18379
What are the prime factors of 193550325?
3, 5, 2580671
List the prime factors of 101664235.
5, 20332847
List the prime factors of 116197688.
2, 89, 163199
What are the prime factors of 202062366?
2, 3, 11, 1020517
List the prime factors of 48855652.
2, 12213913
List the prime factors of 981631572.
2, 3, 269, 304099
What are the prime factors of 1998718269?
3, 83, 8026981
What are the prime factors of 3614007045?
3, 5, 11, 21903073
List the prime factors of 2288891657.
13, 3023, 58243
What are the prime factors of 54467424?
2, 3, 11, 521
List the prime factors of 1184582645.
5, 19, 1583, 7877
What are the prime factors of 1472622007?
719, 2048153
What are the prime factors of 339444390?
2, 3, 5, 11314813
What are the prime factors of 241711497?
3, 26856833
List the prime factors of 80149544.
2, 113, 88661
What are the prime factors of 136552629?
3, 45517543
List the prime factors of 2465968741.
263, 1301, 7207
What are the prime factors of 250657780?
2, 5, 719, 17431
List the prime factors of 4797623377.
191, 25118447
List the prime factors of 357070801.
10463, 34127
List the prime factors of 75563251.
101, 599, 1249
What are the prime factors of 1990729359?
3, 17, 4337101
What are the prime factors of 84878551?
84878551
What are the prime factors of 38182168?
2, 4772771
What are the prime factors of 270736788?
2, 3, 7, 61, 52837
What are the prime factors of 3576862303?
7, 510980329
What are the prime factors of 571052278?
2, 863, 330853
List the prime factors of 27523841.
27523841
What are the prime factors of 457245513?
3, 2609, 6491
What are the prime factors of 465977838?
2, 3, 23, 241, 14011
List the prime factors of 136255067.
13, 727, 1109
What are the prime factors of 147342189?
3, 79, 621697
What are the prime factors of 11145673?
7, 11, 13159
List the prime factors of 763009051.
7, 3203, 34031
List the prime factors of 20698753.
47, 440399
What are the prime factors of 844273200?
2, 3, 5, 703561
List the prime factors of 248508514.
2, 23, 5402359
What are the prime factors of 1827006935?
5, 13, 797, 35267
List the prime factors of 58595071.
3833, 15287
What are the prime factors of 146302524?
2, 3, 150517
What are the prime factors of 1281422784?
2, 3, 2393, 2789
What are the prime factors of 4807824873?
3, 463, 3461357
List the prime factors of 4761223669.
4761223669
What are the prime factors of 2098161320?
2, 5, 52454033
What are the prime factors of 26785876?
2, 13, 373, 1381
What are the prime factors of 4802030444?
2, 53, 427379
List the prime factors of 11892990.
2, 3, 5, 109, 3637
What are the prime factors of 294980412?
2, 3, 59, 401, 1039
What are the prime factors of 74336128?
2, 83, 6997
List the prime factors of 51321765.
3, 5, 11, 311041
What are the prime factors of 426862515?
3, 5, 28457501
List the prime factors of 85193824.
2, 2662307
What are the prime factors of 54267303?
3, 3947, 4583
What are the prime factors of 51935134?
2, 311, 83497
List the prime factors of 3521618148.
2, 3, 293468179
List the prime factors of 345009345.
3, 5, 797, 28859
What are the prime factors of 68578211?
13, 5275247
List the prime factors of 283473210.
2, 3, 5, 9449107
What are the prime factors of 136485946?
2, 101, 181, 3733
List the prime factors of 370479047.
31, 61, 107, 1831
What are the prime factors of 109812374?
2, 7, 37, 239, 887
List the prime factors of 183182867.
7, 2351, 11131
List the prime factors of 8643252.
2, 3, 19, 167, 227
List the prime factors of 157034099.
157034099
List the prime factors of 63891624.
2, 3, 967, 2753
List the prime factors of 43301090.
2, 5, 7, 618587
What are the prime factors of 1904999357?
23, 29, 5399
What are the prime factors of 3496638189?
3, 11, 4903, 21611
List the prime factors of 12572895.
3, 5, 838193
What are the prime factors of 227919653?
13, 1348637
List the prime factors of 7000722.
2, 3, 129643
List the prime factors of 4965869.
4965869
List the prime factors of 1001676521.
53, 167, 113171
What are the prime factors of 1797315108?
2, 3, 19, 37, 257, 829
List the prime factors of 3056831.
317, 9643
What are the prime factors of 3012178803?
3, 3967, 253103
What are the prime factors of 271280262?
2, 3, 11, 23, 173, 1033
List the prime factors of 785537430.
2, 3, 5, 26184581
What are the prime factors of 1259957094?
2, 3, 11, 127, 191, 787
What are the prime factors of 6453991878?
2, 3, 15649, 68737
What are the prime factors of 263214128?
2, 17, 967699
What are the prime factors of 378680826?
2, 3, 63113471
What are the prime factors of 34846067?
61, 739, 773
What are the prime factors of 1317126714?
2, 3, 17, 103, 283, 443
What are the prime factors of 1826606185?
5, 89, 4104733
What are the prime factors of 57347625?
3, 5, 23, 61, 109
What are the prime factors of 70309982?
2, 5059, 6949
List the prime factors of 71145412.
2, 13, 1368181
What are the prime factors of 73445880?
2, 3, 5, 612049
List the prime factors of 60632985.
3, 5, 7, 577457
List the prime factors of 2138628604.
2, 7, 929, 82217
What are the prime factors of 39657785?
5, 353, 22469
What are the prime factors of 53508879?
3, 23, 11239
What are the prime factors of 39476719?
131, 301349
List the prime factors of 33736322.
2, 16868161
List the prime factors of 44236915.
5, 8847383
List the prime factors of 346749451.
346749451
What are the prime factors of 5703463?
5703463
What are the prime factors of 102082679?
751, 135929
List the prime factors of 45042138.
2, 3, 2502341
List the prime factors of 699004816.
2, 43687801
What are the prime factors of 636342342?
2, 3, 421, 251917
List the prime factors of 3146473419.
3, 53, 19789141
What are the prime factors of 113303026?
2, 56651513
List the prime factors of 633034761.
3, 19, 11105873
What are the prime factors of 3000737205?
3, 5, 23, 179, 5399
What are the prime factors of 16535761?
11, 821, 1831
List the prime factors of 245219875.
5, 1961759
What are the prime factors of 442102767?
3, 29, 175229
What are the prime factors of 20925030?
2, 3, 5, 7, 99643
List the prime factors of 653908697.
13, 43, 47, 24889
List the prime factors of 36746679.
3, 131, 93503
What are the prime factors of 347086722?
2, 3, 17, 103, 33037
List the prime factors of 18698093.
283, 66071
List the prime factors of 434914228.
2, 7, 541, 28711
What are the prime factors of 371405342?
2, 7, 11, 547, 4409
What are the prime factors of 279555342?
2, 3, 11, 47, 90121
List the prime factors of 2265291.
3, 7, 41, 877
List the prime factors of 63387604.
2, 7, 2263843
What are the prime factors of 1609850800?
2, 5, 97, 41491
What are the prime factors of 55972474?
2, 59, 474343
What are the prime factors of 15348667?
101, 151967
What are the prime factors of 525815880?
2, 3, 5, 19, 23, 37, 271
List the prime factors of 14679078.
2, 3, 2446513
List the prime factors of 1247426180.
2, 5, 7, 11, 13, 4793
What are the prime factors of 2226741724?
2, 9049, 61519
List the prime factors of 516449165.
5, 19, 5436307
List the prime factors of 340059217.